 290708 is divided by 1491?
1454
What is the remainder when 56987043 is divided by 356169?
3
What is the remainder when 489308 is divided by 2679?
1730
Calculate the remainder when 1764510059 is divided by 7620.
7619
What is the remainder when 1597283 is divided by 37?
30
Calculate the remainder when 9926 is divided by 2330.
606
What is the remainder when 690080 is divided by 262?
234
What is the remainder when 229948 is divided by 3112?
2772
Calculate the remainder when 600766 is divided by 14.
12
Calculate the remainder when 2595434 is divided by 13224.
3530
Calculate the remainder when 58457 is divided by 28932.
593
Calculate the remainder when 9240073 is divided by 253.
7
Calculate the remainder when 254416 is divided by 31795.
56
What is the remainder when 11754268 is divided by 1068534?
394
Calculate the remainder when 7035210 is divided by 1718.
0
Calculate the remainder when 5857741 is divided by 3332.
85
What is the remainder when 5954015 is divided by 12?
11
What is the remainder when 248944 is divided by 59555?
10724
What is the remainder when 1858103 is divided by 13663?
13598
What is the remainder when 762803 is divided by 187?
30
What is the remainder when 1539668 is divided by 173?
141
Calculate the remainder when 6802589 is divided by 93186.
11
What is the remainder when 160385662 is divided by 4717225?
12
What is the remainder when 3646929 is divided by 6277?
6269
What is the remainder when 3348794 is divided by 3492?
3458
What is the remainder when 245418 is divided by 122463?
492
What is the remainder when 537109 is divided by 1155?
34
Calculate the remainder when 219842 is divided by 4479.
371
What is the remainder when 45744854 is divided by 3812069?
26
What is the remainder when 134748 is divided by 1184?
956
What is the remainder when 959412 is divided by 975?
12
Calculate the remainder when 115116 is divided by 744.
540
Calculate the remainder when 5915721 is divided by 268892.
97
What is the remainder when 261334 is divided by 7682?
146
Calculate the remainder when 974946 is divided by 6414.
18
Calculate the remainder when 8368966 is divided by 71.
54
What is the remainder when 2726623 is divided by 1983?
1981
Calculate the remainder when 2410558 is divided by 1518.
1492
What is the remainder when 232175001 is divided by 41?
37
Calculate the remainder when 101389 is divided by 359.
151
What is the remainder when 8527244 is divided by 1580?
1564
What is the remainder when 148085 is divided by 10574?
49
Calculate the remainder when 2256186 is divided by 36.
30
Calculate the remainder when 15093 is divided by 4852.
537
What is the remainder when 13338676 is divided by 889241?
61
What is the remainder when 21151 is divided by 3517?
49
What is the remainder when 2648111 is divided by 87?
5
Calculate the remainder when 2880778 is divided by 4092.
10
Calculate the remainder when 1565494 is divided by 17.
15
Calculate the remainder when 2394805 is divided by 143.
127
Calculate the remainder when 1511298 is divided by 1968.
1842
What is the remainder when 929613 is divided by 28169?
36
Calculate the remainder when 3446935 is divided by 18.
7
What is the remainder when 5352144 is divided by 1355?
1249
What is the remainder when 994505 is divided by 165728?
137
What is the remainder when 83341 is divided by 37302?
8737
What is the remainder when 12436 is divided by 1132?
1116
What is the remainder when 11688659 is divided by 6224?
6211
What is the remainder when 4008747 is divided by 6627?
6039
What is the remainder when 428650 is divided by 13393?
74
Calculate the remainder when 24332598 is divided by 89.
87
What is the remainder when 1688168 is divided by 2338?
132
Calculate the remainder when 106317413 is divided by 14.
13
Calculate the remainder when 2095199 is divided by 519.
515
Calculate the remainder when 21095 is divided by 18007.
3088
Calculate the remainder when 136924 is divided by 33999.
928
Calculate the remainder when 717699 is divided by 358845.
9
Calculate the remainder when 347228 is divided by 115143.
1799
Calculate the remainder when 71910485 is divided by 2935.
50
Calculate the remainder when 2629639 is divided by 746.
735
Calculate the remainder when 128919 is divided by 72.
39
Calculate the remainder when 5047369 is divided by 2090.
19
Calculate the remainder when 2261339 is divided by 7276.
5779
What is the remainder when 5474 is divided by 1710?
344
Calculate the remainder when 21938951 is divided by 168.
167
What is the remainder when 639116 is divided by 319448?
220
What is the remainder when 42455 is divided by 7062?
83
What is the remainder when 117195745 is divided by 37276?
1
What is the remainder when 3959255 is divided by 3091?
2775
Calculate the remainder when 3603956 is divided by 1201241.
233
Calculate the remainder when 687075 is divided by 2045.
2000
What is the remainder when 26351430 is divided by 2635142?
10
What is the remainder when 1518189 is divided by 236?
1
Calculate the remainder when 25725163 is divided by 38.
37
Calculate the remainder when 1404650 is divided by 1404620.
30
What is the remainder when 195400274 is divided by 105?
104
What is the remainder when 33126114 is divided by 2949?
2946
What is the remainder when 16587496 is divided by 10633?
16
Calculate the remainder when 169234 is divided by 651.
625
Calculate the remainder when 63748473 is divided by 22.
19
What is the remainder when 604497 is divided by 67164?
21
Calculate the remainder when 1951614 is divided by 650537.
3
What is the remainder when 42989 is divided by 944?
509
What is the remainder when 150492 is divided by 518?
272
What is the remainder when 413837 is divided by 7014?
11
Calculate the remainder when 504580011 is divided by 3217.
3212
What is the remainder when 11241783 is divided by 57356?
7
Calculate the remainder when 14395336 is divided by 32.
8
Calculate the remainder when 28860389 is divided by 12.
5
Calculate the remainder when 454050 is divided by 90329.
2405
Calculate the remainder when 1230 is divided by 1080.
150
What is the remainder when 27519555 is divided by 3931364?
7
Calculate the remainder when 35046886 is divided by 9096.
9094
Calculate the remainder when 431560 is divided by 10946.
4666
What is the remainder when 4116758 is divided by 31?
20
What is the remainder when 18806729 is divided by 86269?
87
What is the remainder when 34613187 is divided by 85?
82
Calculate the remainder when 148212 is divided by 981.
81
Calculate the remainder when 52989842 is divided by 10055.
10047
What is the remainder when 94299 is divided by 3364?
107
What is the remainder when 473303 is divided by 111?
110
Calculate the remainder when 3147687 is divided by 349638.
945
Calculate the remainder when 2526606 is divided by 33688.
6
Calculate the remainder when 2587820 is divided by 369678.
74
Calculate the remainder when 42567148 is divided by 6081010.
78
Calculate the remainder when 592279 is divided by 197405.
64
What is the remainder when 261941 is divided by 11?
9
What is the remainder when 24872 is divided by 17?
1
Calculate the remainder when 96621 is divided by 8941.
7211
What is the remainder when 9504865 is divided by 4623?
4600
Calculate the remainder when 436732 is divided by 565.
552
Calculate the remainder when 249013 is divided by 124190.
633
Calculate the remainder when 2615805 is divided by 237800.
5
What is the remainder when 356655 is divided by 356641?
14
Calculate the remainder when 4099902 is divided by 464.
462
Calculate the remainder when 11242786 is divided by 34.
6
Calculate the remainder when 85903 is divided by 3888.
367
Calculate the remainder when 270433 is divided by 128231.
13971
Calculate the remainder when 23879530 is divided by 8103.
8092
What is the remainder when 2180040 is divided by 3?
0
Calculate the remainder when 296430456 is divided by 74.
72
What is the remainder when 438154572 is divided by 419?
406
Calculate the remainder when 1282006 is divided by 640975.
56
Calculate the remainder when 495654 is divided by 2865.
9
What is the remainder when 12233293 is divided by 5382?
7
What is the remainder when 33395726 is divided by 6?
2
What is the remainder when 324500732 is divided by 1344?
1340
What is the remainder when 216106 is divided by 36002?
94
What is the